{"id":6,"date":"2013-03-22T15:01:59","date_gmt":"2013-03-22T15:01:59","guid":{"rendered":"http:\/\/www.jugendumweltpark.de\/?page_id=6"},"modified":"2013-03-22T15:01:59","modified_gmt":"2013-03-22T15:01:59","slug":"permakultur","status":"publish","type":"page","link":"https:\/\/www.jugendumweltpark.de\/?page_id=6","title":{"rendered":"Permakultur"},"content":{"rendered":"<p>Permakultur ist ein Weg, um nachhaltige Lebensr\u00e4ume und Landwirtschaft zu unterst\u00fctzen und aufzubauen. Dabei wird das Wissen \u00fcber Pflanzen und Tiere genutzt, um eine wirklich \u00f6kologische, soziale und \u00f6konomische Art des Land- und Gartenbaus zu entwickeln. Permakultur kann auf Bauernh\u00f6fen, in privaten G\u00e4rten, als Schulgarten und auch in Betrieben angewandt werden.<\/p>\n<p>Am Anfang eines Permakultur-Designs, der Planung und Organisation eines Permakulturgel\u00e4ndes, steht die Bestandsaufnahme. Hierzu z\u00e4hlt nicht nur eine Aufz\u00e4hlung des Baumbestandes, sondern eine komplette Analyse des Grundst\u00fccks und der Umgebung unter Ber\u00fccksichtigung verschiedenster Faktoren: unter anderem Sonne, Schatten, Wind und die existierende Bepflanzung. Diesem Design liegen die verschiedenen Grunds\u00e4tze der Permakultur zu Grunde, nach denen ein Permakultur-Garten gestaltet wird.<\/p>\n","protected":false},"excerpt":{"rendered":"<p>Permakultur ist ein Weg, um nachhaltige Lebensr\u00e4ume und Landwirtschaft zu unterst\u00fctzen und aufzubauen. Dabei wird das Wissen \u00fcber Pflanzen und Tiere genutzt, um eine wirklich \u00f6kologische, soziale und \u00f6konomische Art des Land- und Gartenbaus zu entwickeln. Permakultur kann auf Bauernh\u00f6fen, in privaten G\u00e4rten, als Schulgarten und auch in Betrieben angewandt werden. Am Anfang eines Permakultur-Designs, [&hellip;]<\/p>\n","protected":false},"author":2,"featured_media":0,"parent":0,"menu_order":0,"comment_status":"open","ping_status":"open","template":"","meta":{"footnotes":""},"class_list":["post-6","page","type-page","status-publish","hentry"],"_links":{"self":[{"href":"https:\/\/www.jugendumweltpark.de\/index.php?rest_route=\/wp\/v2\/pages\/6","targetHints":{"allow":["GET"]}}],"collection":[{"href":"https:\/\/www.jugendumweltpark.de\/index.php?rest_route=\/wp\/v2\/pages"}],"about":[{"href":"https:\/\/www.jugendumweltpark.de\/index.php?rest_route=\/wp\/v2\/types\/page"}],"author":[{"embeddable":true,"href":"https:\/\/www.jugendumweltpark.de\/index.php?rest_route=\/wp\/v2\/users\/2"}],"replies":[{"embeddable":true,"href":"https:\/\/www.jugendumweltpark.de\/index.php?rest_route=%2Fwp%2Fv2%2Fcomments&post=6"}],"version-history":[{"count":1,"href":"https:\/\/www.jugendumweltpark.de\/index.php?rest_route=\/wp\/v2\/pages\/6\/revisions"}],"predecessor-version":[{"id":7,"href":"https:\/\/www.jugendumweltpark.de\/index.php?rest_route=\/wp\/v2\/pages\/6\/revisions\/7"}],"wp:attachment":[{"href":"https:\/\/www.jugendumweltpark.de\/index.php?rest_route=%2Fwp%2Fv2%2Fmedia&parent=6"}],"curies":[{"name":"wp","href":"https:\/\/api.w.org\/{rel}","templated":true}]}}